{"id":30601,"date":"2021-09-28T11:54:36","date_gmt":"2021-09-28T09:54:36","guid":{"rendered":"https:\/\/www.valpiccola.it\/?page_id=30601"},"modified":"2026-04-20T15:44:21","modified_gmt":"2026-04-20T13:44:21","slug":"winter-preise","status":"publish","type":"page","link":"https:\/\/www.valpiccola.it\/de\/preise\/winter-preise\/","title":{"rendered":"Winter Preise 2026\/2027"},"content":{"rendered":"\t\t<div data-elementor-type=\"wp-page\" data-elementor-id=\"30601\" class=\"elementor elementor-30601 elementor-30513\">\n\t\t\t\t\t\t\t\t\t<section class=\"elementor-section elementor-top-section elementor-element elementor-element-3cf6fcd5 elementor-section-boxed elementor-section-height-default elementor-section-height-default\" data-id=\"3cf6fcd5\" data-element_type=\"section\">\n\t\t\t\t\t\t<div class=\"elementor-container elementor-column-gap-default\">\n\t\t\t\t\t<div class=\"elementor-column elementor-col-100 elementor-top-column elementor-element elementor-element-7b0fe220\" data-id=\"7b0fe220\" data-element_type=\"column\">\n\t\t\t<div class=\"elementor-widget-wrap elementor-element-populated\">\n\t\t\t\t\t\t\t\t<div class=\"elementor-element elementor-element-7f0eec63 elementor-widget elementor-widget-text-editor\" data-id=\"7f0eec63\" data-element_type=\"widget\" data-widget_type=\"text-editor.default\">\n\t\t\t\t<div class=\"elementor-widget-container\">\n\t\t\t<style>\/*! elementor - v3.18.0 - 20-12-2023 *\/\n.elementor-widget-text-editor.elementor-drop-cap-view-stacked .elementor-drop-cap{background-color:#69727d;color:#fff}.elementor-widget-text-editor.elementor-drop-cap-view-framed .elementor-drop-cap{color:#69727d;border:3px solid;background-color:transparent}.elementor-widget-text-editor:not(.elementor-drop-cap-view-default) .elementor-drop-cap{margin-top:8px}.elementor-widget-text-editor:not(.elementor-drop-cap-view-default) .elementor-drop-cap-letter{width:1em;height:1em}.elementor-widget-text-editor .elementor-drop-cap{float:left;text-align:center;line-height:1;font-size:50px}.elementor-widget-text-editor .elementor-drop-cap-letter{display:inline-block}<\/style>\t\t\t\t<style>\n  \/* Applichiamo lo stile alla tabella *\/\n  .tabella-prezzi {\n    border-collapse: collapse;\n    width: 100%;\n    font-family: sans-serif;\n    font-size: 14px;\n  }\n  \n  \/* Bordi leggeri per tutte le celle *\/\n  .tabella-prezzi td {\n    border: 1px solid #e0e0e0;\n    padding: 12px 8px;\n    text-align: center;\n  }\n\n  \/* Righe alternate: Bianca la prima (dispari), Grigio chiaro la seconda (pari) *\/\n  .tabella-prezzi tr:nth-child(odd) {\n    background-color: #ffffff;\n  }\n  .tabella-prezzi tr:nth-child(even) {\n    background-color: #f7f7f7;\n  }\n\n  \/* Prima riga evidenziata *\/\n  .tabella-prezzi tr:first-child {\n    background-color: #eeeeee !important;\n    font-weight: bold;\n  }\n<\/style>\n\n<table class=\"tabella-prezzi\">\n<tbody>\n<tr>\n<td width=\"119\"><\/td>\n<td width=\"117\"><strong>BILO 1<\/strong><br><strong>(von 2 bis 4 Personen)<\/strong><\/td>\n<td width=\"120\"><strong>BILO 1 <\/strong><br><strong>(von 2 bis 4 Personen)<\/strong><\/td>\n<td width=\"124\"><strong>BILO 2<\/strong><br><strong>(von 2 bis 5 Personen)<\/strong><\/td>\n<td width=\"120\"><strong>BILO 2<\/strong><br><strong>(von 2 bis 5 Personen)<\/strong><\/td>\n<\/tr>\n<tr>\n<td><\/td>\n<td>pro Tag<\/td>\n<td>pro Woche<\/td>\n<td>pro Tag<\/td>\n<td>pro Woche<\/td>\n<\/tr>\n<tr>\n<td>29.11 &#8211; 13.12<\/td>\n<td>200 \u20ac<\/td>\n<td>1200 \u20ac<\/td>\n<td>250 \u20ac<\/td>\n<td>1400 \u20ac<\/td>\n<\/tr>\n<tr>\n<td>13.12 &#8211; 20.12<\/td>\n<td>200 \u20ac<\/td>\n<td>1200 \u20ac<\/td>\n<td>250 \u20ac<\/td>\n<td>1400 \u20ac<\/td>\n<\/tr>\n<tr>\n<td>20.12 &#8211; 26.12<br><strong>6 N\u00e4chte<\/strong><\/td>\n<td><\/td>\n<td>1400 \u20ac<\/td>\n<td><\/td>\n<td>1600 \u20ac<\/td>\n<\/tr>\n<tr>\n<td>26.12 &#8211; 02.01<\/td>\n<td><\/td>\n<td>2100 \u20ac<\/td>\n<td><\/td>\n<td>2400 \u20ac<\/td>\n<\/tr>\n<tr>\n<td>02.01 &#8211; 09.01<\/td>\n<td><\/td>\n<td>1550 \u20ac<\/td>\n<td><\/td>\n<td>1750 \u20ac<\/td>\n<\/tr>\n<tr>\n<td>09.01 &#8211; 16.01<\/td>\n<td><\/td>\n<td>1350 \u20ac<\/td>\n<td><\/td>\n<td>1580 \u20ac<\/td>\n<\/tr>\n<tr>\n<td>16.01 &#8211; 23.01<\/td>\n<td><\/td>\n<td>1350 \u20ac<\/td>\n<td><\/td>\n<td>1580 \u20ac<\/td>\n<\/tr>\n<tr>\n<td>23.01 &#8211; 30.01<\/td>\n<td><\/td>\n<td>1450 \u20ac<\/td>\n<td><\/td>\n<td>1700 \u20ac<\/td>\n<\/tr>\n<tr>\n<td>30.01 &#8211; 06.02<\/td>\n<td><\/td>\n<td>1600 \u20ac<\/td>\n<td><\/td>\n<td>1850 \u20ac<\/td>\n<\/tr>\n<tr>\n<td>06.02 &#8211; 13.02<br><strong>Karnevalswoche<\/strong><\/td>\n<td><\/td>\n<td>2000 \u20ac<\/td>\n<td><\/td>\n<td>2300 \u20ac<\/td>\n<\/tr>\n<tr>\n<td>13.02 &#8211; 20.02<\/td>\n<td><\/td>\n<td>1600 \u20ac<\/td>\n<td><\/td>\n<td>1850 \u20ac<\/td>\n<\/tr>\n<tr>\n<td>20.02 &#8211; 27.02<\/td>\n<td><\/td>\n<td>1500 \u20ac<\/td>\n<td><\/td>\n<td>1750 \u20ac<\/td>\n<\/tr>\n<tr>\n<td>27.02 &#8211; 06.03<\/td>\n<td><\/td>\n<td>1400 \u20ac<\/td>\n<td><\/td>\n<td>1650 \u20ac<\/td>\n<\/tr>\n<tr>\n<td>06.03 &#8211; 13.03<\/td>\n<td><\/td>\n<td>1200 \u20ac<\/td>\n<td><\/td>\n<td>1400 \u20ac<\/td>\n<\/tr>\n<tr>\n<td>13.03 &#8211; 20.03<\/td>\n<td>200 \u20ac<\/td>\n<td>1200 \u20ac<\/td>\n<td>250 \u20ac<\/td>\n<td>1400 \u20ac<\/td>\n<\/tr>\n<tr>\n<td>20.03 &#8211; 29.03<\/td>\n<td>200 \u20ac<\/td>\n<td>1200 \u20ac<\/td>\n<td>250 \u20ac<\/td>\n<td>1400 \u20ac<\/td>\n<\/tr>\n<\/tbody>\n<\/table>\n\n<p><strong>Alle Preise verstehen sich inklusive:<\/strong><\/p>\n<ul>\n  <li>W\u00e4sche (Bettw\u00e4sche und Handt\u00fccher), Strom-, Wasser- und Heizungsverbrauch, Endreinigung (au\u00dfer K\u00fcche)<\/li>\n  <li>Beheiztes Ski- und Skischuhdepot an der Talstation der Pisten f\u00fcr 2-3 Paar Ski und Schuhe. Wenn Sie weitere Schlie\u00dff\u00e4cher w\u00fcnschen, kontaktieren Sie uns bitte unter +39 0437789146 oder per E-Mail an <a href=\"mailto:info@famigliabalestra.it\">info@famigliabalestra.it<\/a><\/li>\n  <li>Nutzung des Schwimmbads im angrenzenden Dolomia SPA<\/li>\n  <li>Zwei kostenlose Eintritte pro Person (ab 16 Jahren) in das Wellnesscenter Dolomia SPA<\/li>\n  <li>Civetta Card (Erm\u00e4\u00dfigungen in Bergh\u00fctten und beim Verleih &#8211; Verkaufspreis \u20ac 40)<\/li>\n<\/ul>\n\n<p><strong>Nicht im Preis inbegriffen:<\/strong><\/p>\n<ul>\n  <li>Haustierzuschlag: \u20ac 100,00 (nur auf Anfrage gestattet)<\/li>\n<\/ul>\t\t\t\t\t\t<\/div>\n\t\t\t\t<\/div>\n\t\t\t\t<div class=\"elementor-element elementor-element-5f4d629 elementor-widget elementor-widget-text-editor\" data-id=\"5f4d629\" data-element_type=\"widget\" data-widget_type=\"text-editor.default\">\n\t\t\t\t<div class=\"elementor-widget-container\">\n\t\t\t\t\t\t\t<p><strong>Check in von 16 Uhr bis 19 Uhr &#8211; Check out um 9.30 Uhr<\/strong><\/p>\t\t\t\t\t\t<\/div>\n\t\t\t\t<\/div>\n\t\t\t\t\t<\/div>\n\t\t<\/div>\n\t\t\t\t\t\t\t<\/div>\n\t\t<\/section>\n\t\t\t\t\t\t\t<\/div>\n\t\t","protected":false},"excerpt":{"rendered":"<p>BILO 1(von 2 bis 4 Personen) BILO 1 (von 2 bis 4 Personen)<\/p>\n","protected":false},"author":1001003,"featured_media":0,"parent":30594,"menu_order":2,"comment_status":"closed","ping_status":"closed","template":"page-FullWidth.php","meta":{"_monsterinsights_skip_tracking":false,"_monsterinsights_sitenote_active":false,"_monsterinsights_sitenote_note":"","_monsterinsights_sitenote_category":0,"footnotes":"","_links_to":"","_links_to_target":""},"yoast_head":"<!-- This site is optimized with the Yoast SEO plugin v23.5 - https:\/\/yoast.com\/wordpress\/plugins\/seo\/ -->\n<title>Winter Preise 2026\/2027 - Residence and SPA Resort Valpiccola<\/title>\n<meta name=\"robots\" content=\"index, follow, max-snippet:-1, max-image-preview:large, max-video-preview:-1\" \/>\n<link rel=\"canonical\" href=\"https:\/\/www.valpiccola.it\/de\/preise\/winter-preise\/\" \/>\n<meta name=\"twitter:label1\" content=\"Gesch\u00e4tzte Lesezeit\" \/>\n\t<meta name=\"twitter:data1\" content=\"2\u00a0Minuten\" \/>\n<script type=\"application\/ld+json\" class=\"yoast-schema-graph\">{\"@context\":\"https:\/\/schema.org\",\"@graph\":[{\"@type\":\"WebPage\",\"@id\":\"https:\/\/www.valpiccola.it\/de\/preise\/winter-preise\/\",\"url\":\"https:\/\/www.valpiccola.it\/de\/preise\/winter-preise\/\",\"name\":\"Winter Preise 2026\/2027 - Residence and SPA Resort Valpiccola\",\"isPartOf\":{\"@id\":\"https:\/\/www.valpiccola.it\/de\/#website\"},\"datePublished\":\"2021-09-28T09:54:36+00:00\",\"dateModified\":\"2026-04-20T13:44:21+00:00\",\"breadcrumb\":{\"@id\":\"https:\/\/www.valpiccola.it\/de\/preise\/winter-preise\/#breadcrumb\"},\"inLanguage\":\"de\",\"potentialAction\":[{\"@type\":\"ReadAction\",\"target\":[\"https:\/\/www.valpiccola.it\/de\/preise\/winter-preise\/\"]}]},{\"@type\":\"BreadcrumbList\",\"@id\":\"https:\/\/www.valpiccola.it\/de\/preise\/winter-preise\/#breadcrumb\",\"itemListElement\":[{\"@type\":\"ListItem\",\"position\":1,\"name\":\"Preise\",\"item\":\"\/\"},{\"@type\":\"ListItem\",\"position\":2,\"name\":\"Winter Preise 2026\/2027\"}]},{\"@type\":\"WebSite\",\"@id\":\"https:\/\/www.valpiccola.it\/de\/#website\",\"url\":\"https:\/\/www.valpiccola.it\/de\/\",\"name\":\"Residence and SPA Resort Valpiccola\",\"description\":\"Vacanze nelle Dolomiti in val di Zoldo - Appartamenti Residence Garni\",\"potentialAction\":[{\"@type\":\"SearchAction\",\"target\":{\"@type\":\"EntryPoint\",\"urlTemplate\":\"https:\/\/www.valpiccola.it\/de\/?s={search_term_string}\"},\"query-input\":{\"@type\":\"PropertyValueSpecification\",\"valueRequired\":true,\"valueName\":\"search_term_string\"}}],\"inLanguage\":\"de\"}]}<\/script>\n<!-- \/ Yoast SEO plugin. -->","yoast_head_json":{"title":"Winter Preise 2026\/2027 - Residence and SPA Resort Valpiccola","robots":{"index":"index","follow":"follow","max-snippet":"max-snippet:-1","max-image-preview":"max-image-preview:large","max-video-preview":"max-video-preview:-1"},"canonical":"https:\/\/www.valpiccola.it\/de\/preise\/winter-preise\/","twitter_misc":{"Gesch\u00e4tzte Lesezeit":"2\u00a0Minuten"},"schema":{"@context":"https:\/\/schema.org","@graph":[{"@type":"WebPage","@id":"https:\/\/www.valpiccola.it\/de\/preise\/winter-preise\/","url":"https:\/\/www.valpiccola.it\/de\/preise\/winter-preise\/","name":"Winter Preise 2026\/2027 - Residence and SPA Resort Valpiccola","isPartOf":{"@id":"https:\/\/www.valpiccola.it\/de\/#website"},"datePublished":"2021-09-28T09:54:36+00:00","dateModified":"2026-04-20T13:44:21+00:00","breadcrumb":{"@id":"https:\/\/www.valpiccola.it\/de\/preise\/winter-preise\/#breadcrumb"},"inLanguage":"de","potentialAction":[{"@type":"ReadAction","target":["https:\/\/www.valpiccola.it\/de\/preise\/winter-preise\/"]}]},{"@type":"BreadcrumbList","@id":"https:\/\/www.valpiccola.it\/de\/preise\/winter-preise\/#breadcrumb","itemListElement":[{"@type":"ListItem","position":1,"name":"Preise","item":"\/"},{"@type":"ListItem","position":2,"name":"Winter Preise 2026\/2027"}]},{"@type":"WebSite","@id":"https:\/\/www.valpiccola.it\/de\/#website","url":"https:\/\/www.valpiccola.it\/de\/","name":"Residence and SPA Resort Valpiccola","description":"Vacanze nelle Dolomiti in val di Zoldo - Appartamenti Residence Garni","potentialAction":[{"@type":"SearchAction","target":{"@type":"EntryPoint","urlTemplate":"https:\/\/www.valpiccola.it\/de\/?s={search_term_string}"},"query-input":{"@type":"PropertyValueSpecification","valueRequired":true,"valueName":"search_term_string"}}],"inLanguage":"de"}]}},"_links":{"self":[{"href":"https:\/\/www.valpiccola.it\/de\/wp-json\/wp\/v2\/pages\/30601"}],"collection":[{"href":"https:\/\/www.valpiccola.it\/de\/wp-json\/wp\/v2\/pages"}],"about":[{"href":"https:\/\/www.valpiccola.it\/de\/wp-json\/wp\/v2\/types\/page"}],"author":[{"embeddable":true,"href":"https:\/\/www.valpiccola.it\/de\/wp-json\/wp\/v2\/users\/1001003"}],"replies":[{"embeddable":true,"href":"https:\/\/www.valpiccola.it\/de\/wp-json\/wp\/v2\/comments?post=30601"}],"version-history":[{"count":36,"href":"https:\/\/www.valpiccola.it\/de\/wp-json\/wp\/v2\/pages\/30601\/revisions"}],"predecessor-version":[{"id":31308,"href":"https:\/\/www.valpiccola.it\/de\/wp-json\/wp\/v2\/pages\/30601\/revisions\/31308"}],"up":[{"embeddable":true,"href":"https:\/\/www.valpiccola.it\/de\/wp-json\/wp\/v2\/pages\/30594"}],"wp:attachment":[{"href":"https:\/\/www.valpiccola.it\/de\/wp-json\/wp\/v2\/media?parent=30601"}],"curies":[{"name":"wp","href":"https:\/\/api.w.org\/{rel}","templated":true}]}}

<div data-elementor-type="wp-page" data-elementor-id="30601" class="elementor elementor-30601 elementor-30513">
									<section class="elementor-section elementor-top-section elementor-element elementor-element-3cf6fcd5 elementor-section-boxed elementor-section-height-default elementor-section-height-default" data-id="3cf6fcd5" data-element_type="section">
						<div class="elementor-container elementor-column-gap-default">
					<div class="elementor-column elementor-col-100 elementor-top-column elementor-element elementor-element-7b0fe220" data-id="7b0fe220" data-element_type="column">
			<div class="elementor-widget-wrap elementor-element-populated">
								<div class="elementor-element elementor-element-7f0eec63 elementor-widget elementor-widget-text-editor" data-id="7f0eec63" data-element_type="widget" data-widget_type="text-editor.default">
				<div class="elementor-widget-container">
			<style>/*! elementor - v3.18.0 - 20-12-2023 */
.elementor-widget-text-editor.elementor-drop-cap-view-stacked .elementor-drop-cap{background-color:#69727d;color:#fff}.elementor-widget-text-editor.elementor-drop-cap-view-framed .elementor-drop-cap{color:#69727d;border:3px solid;background-color:transparent}.elementor-widget-text-editor:not(.elementor-drop-cap-view-default) .elementor-drop-cap{margin-top:8px}.elementor-widget-text-editor:not(.elementor-drop-cap-view-default) .elementor-drop-cap-letter{width:1em;height:1em}.elementor-widget-text-editor .elementor-drop-cap{float:left;text-align:center;line-height:1;font-size:50px}.elementor-widget-text-editor .elementor-drop-cap-letter{display:inline-block}</style>				<style>
  /* Applichiamo lo stile alla tabella */
  .tabella-prezzi {
    border-collapse: collapse;
    width: 100%;
    font-family: sans-serif;
    font-size: 14px;
  }
  
  /* Bordi leggeri per tutte le celle */
  .tabella-prezzi td {
    border: 1px solid #e0e0e0;
    padding: 12px 8px;
    text-align: center;
  }

  /* Righe alternate: Bianca la prima (dispari), Grigio chiaro la seconda (pari) */
  .tabella-prezzi tr:nth-child(odd) {
    background-color: #ffffff;
  }
  .tabella-prezzi tr:nth-child(even) {
    background-color: #f7f7f7;
  }

  /* Prima riga evidenziata */
  .tabella-prezzi tr:first-child {
    background-color: #eeeeee !important;
    font-weight: bold;
  }
</style>

<table class="tabella-prezzi">
<tbody>
<tr>
<td width="119"></td>
<td width="117"><strong>BILO 1</strong><br><strong>(von 2 bis 4 Personen)</strong></td>
<td width="120"><strong>BILO 1 </strong><br><strong>(von 2 bis 4 Personen)</strong></td>
<td width="124"><strong>BILO 2</strong><br><strong>(von 2 bis 5 Personen)</strong></td>
<td width="120"><strong>BILO 2</strong><br><strong>(von 2 bis 5 Personen)</strong></td>
</tr>
<tr>
<td></td>
<td>pro Tag</td>
<td>pro Woche</td>
<td>pro Tag</td>
<td>pro Woche</td>
</tr>
<tr>
<td>29.11 &#8211; 13.12</td>
<td>200 €</td>
<td>1200 €</td>
<td>250 €</td>
<td>1400 €</td>
</tr>
<tr>
<td>13.12 &#8211; 20.12</td>
<td>200 €</td>
<td>1200 €</td>
<td>250 €</td>
<td>1400 €</td>
</tr>
<tr>
<td>20.12 &#8211; 26.12<br><strong>6 Nächte</strong></td>
<td></td>
<td>1400 €</td>
<td></td>
<td>1600 €</td>
</tr>
<tr>
<td>26.12 &#8211; 02.01</td>
<td></td>
<td>2100 €</td>
<td></td>
<td>2400 €</td>
</tr>
<tr>
<td>02.01 &#8211; 09.01</td>
<td></td>
<td>1550 €</td>
<td></td>
<td>1750 €</td>
</tr>
<tr>
<td>09.01 &#8211; 16.01</td>
<td></td>
<td>1350 €</td>
<td></td>
<td>1580 €</td>
</tr>
<tr>
<td>16.01 &#8211; 23.01</td>
<td></td>
<td>1350 €</td>
<td></td>
<td>1580 €</td>
</tr>
<tr>
<td>23.01 &#8211; 30.01</td>
<td></td>
<td>1450 €</td>
<td></td>
<td>1700 €</td>
</tr>
<tr>
<td>30.01 &#8211; 06.02</td>
<td></td>
<td>1600 €</td>
<td></td>
<td>1850 €</td>
</tr>
<tr>
<td>06.02 &#8211; 13.02<br><strong>Karnevalswoche</strong></td>
<td></td>
<td>2000 €</td>
<td></td>
<td>2300 €</td>
</tr>
<tr>
<td>13.02 &#8211; 20.02</td>
<td></td>
<td>1600 €</td>
<td></td>
<td>1850 €</td>
</tr>
<tr>
<td>20.02 &#8211; 27.02</td>
<td></td>
<td>1500 €</td>
<td></td>
<td>1750 €</td>
</tr>
<tr>
<td>27.02 &#8211; 06.03</td>
<td></td>
<td>1400 €</td>
<td></td>
<td>1650 €</td>
</tr>
<tr>
<td>06.03 &#8211; 13.03</td>
<td></td>
<td>1200 €</td>
<td></td>
<td>1400 €</td>
</tr>
<tr>
<td>13.03 &#8211; 20.03</td>
<td>200 €</td>
<td>1200 €</td>
<td>250 €</td>
<td>1400 €</td>
</tr>
<tr>
<td>20.03 &#8211; 29.03</td>
<td>200 €</td>
<td>1200 €</td>
<td>250 €</td>
<td>1400 €</td>
</tr>
</tbody>
</table>

<p><strong>Alle Preise verstehen sich inklusive:</strong></p>
<ul>
  <li>Wäsche (Bettwäsche und Handtücher), Strom-, Wasser- und Heizungsverbrauch, Endreinigung (außer Küche)</li>
  <li>Beheiztes Ski- und Skischuhdepot an der Talstation der Pisten für 2-3 Paar Ski und Schuhe. Wenn Sie weitere Schließfächer wünschen, kontaktieren Sie uns bitte unter +39 0437789146 oder per E-Mail an <a href="mailto:info@famigliabalestra.it">info@famigliabalestra.it</a></li>
  <li>Nutzung des Schwimmbads im angrenzenden Dolomia SPA</li>
  <li>Zwei kostenlose Eintritte pro Person (ab 16 Jahren) in das Wellnesscenter Dolomia SPA</li>
  <li>Civetta Card (Ermäßigungen in Berghütten und beim Verleih &#8211; Verkaufspreis € 40)</li>
</ul>

<p><strong>Nicht im Preis inbegriffen:</strong></p>
<ul>
  <li>Haustierzuschlag: € 100,00 (nur auf Anfrage gestattet)</li>
</ul>						</div>
				</div>
				<div class="elementor-element elementor-element-5f4d629 elementor-widget elementor-widget-text-editor" data-id="5f4d629" data-element_type="widget" data-widget_type="text-editor.default">
				<div class="elementor-widget-container">
							<p><strong>Check in von 16 Uhr bis 19 Uhr &#8211; Check out um 9.30 Uhr</strong></p>						</div>
				</div>
					</div>
		</div>
							</div>
		</section>
							</div>

<!-- This site is optimized with the Yoast SEO plugin v23.5 - https://yoast.com/wordpress/plugins/seo/ -->
<title>Winter Preise 2026/2027 - Residence and SPA Resort Valpiccola</title>
<meta name="robots" content="index, follow, max-snippet:-1, max-image-preview:large, max-video-preview:-1" />
<link rel="canonical" href="https://www.valpiccola.it/de/preise/winter-preise/" />
<meta name="twitter:label1" content="Geschätzte Lesezeit" />
	<meta name="twitter:data1" content="2 Minuten" />
<script type="application/ld+json" class="yoast-schema-graph">{"@context":"https://schema.org","@graph":[{"@type":"WebPage","@id":"https://www.valpiccola.it/de/preise/winter-preise/","url":"https://www.valpiccola.it/de/preise/winter-preise/","name":"Winter Preise 2026/2027 - Residence and SPA Resort Valpiccola","isPartOf":{"@id":"https://www.valpiccola.it/de/#website"},"datePublished":"2021-09-28T09:54:36+00:00","dateModified":"2026-04-20T13:44:21+00:00","breadcrumb":{"@id":"https://www.valpiccola.it/de/preise/winter-preise/#breadcrumb"},"inLanguage":"de","potentialAction":[{"@type":"ReadAction","target":["https://www.valpiccola.it/de/preise/winter-preise/"]}]},{"@type":"BreadcrumbList","@id":"https://www.valpiccola.it/de/preise/winter-preise/#breadcrumb","itemListElement":[{"@type":"ListItem","position":1,"name":"Preise","item":"/"},{"@type":"ListItem","position":2,"name":"Winter Preise 2026/2027"}]},{"@type":"WebSite","@id":"https://www.valpiccola.it/de/#website","url":"https://www.valpiccola.it/de/","name":"Residence and SPA Resort Valpiccola","description":"Vacanze nelle Dolomiti in val di Zoldo - Appartamenti Residence Garni","potentialAction":[{"@type":"SearchAction","target":{"@type":"EntryPoint","urlTemplate":"https://www.valpiccola.it/de/?s={search_term_string}"},"query-input":{"@type":"PropertyValueSpecification","valueRequired":true,"valueName":"search_term_string"}}],"inLanguage":"de"}]}</script>
<!-- / Yoast SEO plugin. -->
